s the remainder when 44 is divided by x?
21
Suppose 78 = -12*v + 150 + 132. Calculate the remainder when 97 is divided by v.
12
Suppose 0 = -8*v + 957 + 907. Calculate the remainder when v is divided by ((-34)/(-4) + -1)*24/20.
8
Let z be (-240)/(-160) - 125/(-2). Calculate the remainder when ((-17568)/z)/(2/(-4)) is divided by 10.
9
Let b(o) = -16*o - 184. Let q be b(-11). Let v(j) = 2*j**2 + 18*j + 27. Calculate the remainder when 361 is divided by v(q).
9
Let s = -3778 - -7081. Calculate the remainder when s is divided by 1096.
15
Let t(z) = -14*z - 71. Let p(u) = 28*u + 142. Let d(r) = -6*p(r) - 11*t(r). Calculate the remainder when d(-15) is divided by 48.
43
Suppose -3*y - 5 = 2*o - 9, 2*y - 4 = -2*o. Suppose -o*b + b - 2*f = -20, -30 = -5*b + 4*f. What is the remainder when 27 is divided by b?
7
Let f = 218 + -154. Suppose 2*u = -0*t + t - 16, 4*t + 3*u = f. What is the remainder when 61 is divided by t?
13
Suppose -2 = -2*t, -l + 3*t + 12 = -2*t. Suppose -s = -3*c - 400, 5*c = -4*s - 140 - 521. Let v = 196 + c. What is the remainder when v is divided by l?
12
Suppose -l = 10*h - 1301, -4*l + 99 = 3*h - 295. Calculate the remainder when 508 is divided by h.
118
Suppose 0 = -31*m + 46*m - 45. Suppose -m*c + 26 = -13. Let k(i) = 8*i**2 + 3. Calculate the remainder when k(3) is divided by c.
10
Let j(y) = -3*y - 8. Let q be -8 + 3/9*3. Let g = 1533 + -1525. Calculate the remainder when j(q) is divided by g.
5
Let n(s) = 2*s**2 + 46*s - 16. Let t be n(-14). Let k = 272 + t. What is the remainder when 18 is divided by k?
2
What is the remainder when 29504/48 + 44/(-11) + (-20)/(-6) is divided by 36?
2
Let y(p) = p**3 - 4*p**2 + 9*p - 27. Suppose -6 = 23*i - 26*i - 3*n, 6 = -i - 3*n. What is the remainder when y(i) is divided by 34?
31
Suppose 4*x - 2*l - 404 = 0, -282 = -3*x - 2*l + 35. Let u = x - 101. What is the remainder when (12/(-5))/(3/(-10)) is divided by u?
0
Let c be (-98)/(-5)*(-5 + 0). Let x = c - -110. Suppose -2*j = 4*s - 160, s + 7*j - 33 = 3*j. Calculate the remainder when s is divided by x.
5
Suppose 9*b - 483 - 564 - 195 = 0. What is the remainder when 770 is divided by b?
80
Suppose -44*b = -59*b + 795. Suppose 3*l = -5*z + 2637, -5*l - 529 = -z - 6*l. What is the remainder when z is divided by b?
48
Let w = 184 - -58. Suppose -3*m - w = -i, 4*i - 84 = 4*m + 252. Let c = -70 - m. What is the remainder when 40 is divided by c?
4
Suppose -j - 3*j + 680 = 0. Suppose 5*d = -5*m + 235, -d - 265 + 268 = 0. Calculate the remainder when j is divided by m.
38
What is the remainder when 413 is divided by (-15)/4*(-204)/85 - 1?
5
Let s be 4/48*-3*-76. What is the remainder when 2/s + (3 - 84/76) is divided by 1?
0
Suppose 0 = -5*d + 71 - 81, d = -3*i + 22849. Calculate the remainder when i is divided by 231.
225
Suppose 0 = 379*q - 403*q + 5424. What is the remainder when q is divided by 72?
10
Suppose -4*k + 8158 = 7878. What is the remainder when k is divided by 3?
1
Let r = -1652 - -1652. Suppose 12 = 3*u + l - 6, 0 = 3*u + 2*l - 21. Suppose r = -u*h + 334 + 16. What is the remainder when h is divided by 19?
13
Suppose 5*t + 2*l = 500, t - 3*t + l = -191. What is the remainder when 1273 is divided by t?
97
Let f = 30 + 38. Let q = -284528 - -284553. What is the remainder when f is divided by q?
18
Let i(x) = -520*x - 1550. Calculate the remainder when 359 is divided by i(-3).
9
Suppose -38*r = -45*r + 1267. Let o = r - 164. Calculate the remainder when 117 is divided by o.
15
Let h(j) = 11 - 2*j + 16 + 0*j - 6. Calculate the remainder when h(-7) is divided by 6.
5
Let j be (-756)/(-5) + (-4)/20. Suppose 2*f = 5*o + j - 16, 2*o = -5*f + 323. Calculate the remainder when f is divided by ((-4)/(-6))/(-7 - 2277/(-324)) - 6.
11
Suppose -7 = -3*g + 14. Let d = g - -2. Calculate the remainder when d is divided by (45/(-18))/(1/(-2)).
4
Let n(c) = -4*c**2 + 80*c + 2958. Calculate the remainder when 1745 is divided by n(38).
191
Let o(w) = -7*w**3 + w**2. Let p(j) = -j + 2. Let i be p(3). Let u(s) = 3*s**2 - 591*s - 1165. Calculate the remainder when u(199) is divided by o(i).
5
Let l(t) = t**2 + 5*t - 6. Let b be l(-4). Let v(h) = 13*h**2 - h**2 - 3 + 7 + 13*h + h**3. Calculate the remainder when v(b) is divided by 38.
36
Let j = -6114 + 6256. Calculate the remainder when j is divided by 30.
22
Suppose 0 = 32*i - 378 + 58. What is the remainder when 828 is divided by i?
8
Let m(x) = 3*x**2 + 59*x + 72. Let c(h) = -h**3 + 7*h**2 - h - 5. Calculate the remainder when m(-21) is divided by c(5).
36
Suppose -5221*c = -5229*c + 640. What is the remainder when 236 is divided by c?
76
Calculate the remainder when (-8 - 4)*-1*(4 + (-606)/(-24)) is divided by 21.
15
Suppose 51*u - 101 = 2959. Calculate the remainder when 594 is divided by u.
54
Suppose -3*y + 3*c = 2*c - 703, -3*c = -3*y + 705. Let v = -159 + y. Let f(r) = -r**2 + 16*r - 16. Calculate the remainder when v is divided by f(11).
36
What is the remainder when (-38540)/(2 + 2)*156/(-260) is divided by 89?
85
Calculate the remainder when -3 + (-5 - -3*32) is divided by 0 - (27/(-3) + 0).
7
Let g = 356 + -349. Suppose g*h = 4*h + 273. Calculate the remainder when h is divided by 20.
11
Let x(k) = 64*k + 372. Let s(p) = -13*p - 74. Let v(n) = -24*s(n) - 5*x(n). Calculate the remainder when 66 is divided by v(-13).
6
Let g be 14558/20 - 84/(-840). Suppose -730*a + 168 = -g*a. Calculate the remainder when a is divided by 4.
0
Suppose -4*u + 216 = 2*w, -5*u + 5*w + 169 = -86. Calculate the remainder when 953 is divided by u.
52
Suppose 0 = 2*d + 6*d - 768. Suppose -98*u + d*u = -76. Calculate the remainder when 130 is divided by u.
16
Suppose 5*u + b = 228, 4*u - 4*b - 25 - 167 = 0. What is the remainder when 496 is divided by u?
36
Suppose -8*n + 953 = -7063. Let u = n + -952. What is the remainder when u is divided by 14?
8
What is the remainder when (-132)/(-18)*735/14 is divided by 120?
25
Suppose -4*a + 883 = -9*h, -6*h - 2 = -8*h. What is the remainder when 459 is divided by a?
13
Let h = -5484 + 5599. Let o = -4 - -4. Suppose 2*v - 58 = -o*v. What is the remainder when h is divided by v?
28
What is the remainder when 651 is divided by ((-1068)/48 - -21)/((-2)/160)?
51
Suppose -276 = -k + 5*k. Let h = -56 - k. What is the remainder when (-339)/(-15) - 6*(-1)/(-10) is divided by h?
9
Let q(j) = -159*j - 1100. Calculate the remainder when q(-8) is divided by 30.
22
Let a = 11393 - 9603. What is the remainder when a is divided by 46?
42
Suppose 7*t - 24*t = 0. Suppose 3*m - 4*x - 125 = t, m - 4*x - 39 = -0*x. Calculate the remainder when m is divided by 26.
17
Let i = 58 - 41. Suppose 950*n - 469 = -5*f + 949*n, 3*n = -3*f + 279. Calculate the remainder when f is divided by i.
9
Suppose 0 = -74*m + 230*m - 263640. Calculate the remainder when m is divided by 285.
265
Let s(u) = 5 + 4*u**2 - 2*u**2 - 4*u - 3*u**2. Let v be s(-4). Suppose -2*y = -q + 17, v*q - 52 = -y - 0*y. Calculate the remainder when 52 is divided by q.
8
Let x be (-7)/(-14)*8 + -4. Suppose x = 25*s - 19*s - 1410. Calculate the remainder when s is divided by 4.
3
Let v(r) = -2*r**2 - 2*r**2 + 0*r - 2*r + r**3 - 1. Calculate the remainder when -2 + 323/190 + (-826)/(-20) is divided by v(5).
13
Let r(v) = 152*v - 55. What is the remainder when 355 is divided by r(1)?
64
Suppose -727 = -3*v + 5*q + 348, -4*v + 1390 = 2*q. Calculate the remainder when v is divided by 20.
10
Let r = 2029 + -1800. Calculate the remainder when r is divided by 123.
106
Suppose 41*a = 1298 + 14418 - 2924. What is the remainder when 658 is divided by a?
34
Suppose 17*k + 12888 = 25*k. Calculate the remainder when k is divided by 49.
43
Let h be 16/10 - (-106)/265. Suppose -2*t + 10 = 5*i - 19, -19 = -3*i - h*t. Let p(a) = a - 1. Calculate the remainder when i is divided by p(6).
0
Suppose 2*b - 2*l = 18, 4*b = 3*l - 7*l + 12. Calculate the remainder when 10739 is divided by b.
5
Let m = 38 + 80. Let f = m + -66. What is the remainder when 362 is divided by f?
50
What is the remainder when 274 is divided by 7/203 - (-33484)/319?
64
Let h(x) = -6*x**2 - 2*x + 19. Let o(w) = 7*w**2 + w - 20. Let p(q) = -6*h(q) - 5*o(q). Let a = -65 - -82. What is the remainder when p(-13) is divided by a?
13
Calculate the remainder when 715 is divided by 2/(-9) +